{"id":1798,"date":"2016-08-11T10:02:04","date_gmt":"2016-08-11T15:02:04","guid":{"rendered":"http:\/\/ministerioaguadevida.net\/jovenes\/?page_id=1798"},"modified":"2016-08-11T10:02:04","modified_gmt":"2016-08-11T15:02:04","slug":"dias-con-dios","status":"publish","type":"page","link":"http:\/\/ministerioaguadevida.net\/jovenes\/dias-con-dios\/","title":{"rendered":"D\u00edas con Dios"},"content":{"rendered":"<p>Ens\u00e9\u00f1anos de tal modo a contar nuestros d\u00edas, Que traigamos al coraz\u00f3n sabidur\u00eda.<br \/>\nSalmos 90:12 RVR1960<br \/>\nhttp:\/\/bible.com\/149\/psa.90.12.RVR1960<\/p>\n<p>Buenas D\u00edas <\/p>\n<p>Hoy quiero que reflexionemos acerca de si estamos aprovechando bien nuestro tiempo, en este vers\u00edculo esa era la oraci\u00f3n del salmista que Dios le ense\u00f1ar\u00e1 a contar sus d\u00edas de manera que trajiera a su coraz\u00f3n sabidur\u00eda, en otras palabras que Dios le ense\u00f1ar\u00e1 a usar mejor su tiempo y  a invertirlo de la mejor manera posible. <\/p>\n<p>Hoy en d\u00eda hay muchas personas que viven esperando a que llegue el viernes o que no ha empezado la semana y ya se est\u00e1n preocupando por lo que tienen que hacer al d\u00eda siguiente, sin embargo a lo que esto nos lleva es a desaprovechar nuestro d\u00eda. <\/p>\n<p>Otra forma de perder un d\u00eda es cuando dejamos que este acabe sin haber hablado con Dios, independientemente si el d\u00eda fue malo o bueno, cuando le hemos podido dedicar un momento a Dios para conversar con El y para darle las gracias ya es un d\u00eda el cu\u00e1l hemos aprovechado. No hay mejor manera de empezar nuestros d\u00edas que estando en la presencia y no hay mejor manera de terminarlos que d\u00e1ndole gracias por el d\u00eda. <\/p>\n<p>Por eso yo los invito a que nos propongamos cada d\u00eda estar en su presencia.  <\/p>\n<p>Dios los bendiga<\/p>\n<p><strong>Juan David Jara &#8211; Ministerio Juvenil Agua de Vida<\/strong><\/p>\n\t\t\t\t\t\t\t<style>\n\t\t\t\t\t\t\t\t\t\t\t\t\t\t.huge-it-share-buttons {\n\t\t\t\t\t\t\t\tborder:0px solid #0FB5D6;\n\t\t\t\t\t\t\t\tborder-radius:5px;\n\t\t\t\t\t\t\t\t\n\t\t\t\t\t\t\t\t\n\t\t\t\t\t\t\t\t text-align:left; \t\t\t\t\t\t\t\t\t\t\t\t\t\t\t\t\t\t\t\t\t\t\t}\n\t\t\t\t\t\t\t\n\t\t\t\t\t\t\t#huge-it-share-buttons-top {margin-bottom:0px;}\n\t\t\t\t\t\t\t#huge-it-share-buttons-bottom {margin-top:0px;}\n\t\t\t\t\t\t\t\n\t\t\t\t\t\t\t.huge-it-share-buttons h3 {\n\t\t\t\t\t\t\t\tfont-size:25px ;\n\t\t\t\t\t\t\t\tfont-family:Arial,Helvetica Neue,Helvetica,sans-serif;\n\t\t\t\t\t\t\t\tcolor:#666666;\n\t\t\t\t\t\t\t\t\n\t\t\t\t\t\t\t\tdisplay:block;\t\t\t\t\t\t\t\tline-height:25px ;\n\t\t\t\t\t\t\t\t\n\t\t\t\t\t\t\t\t text-align:left; \t\t\t\t\t\t\t\t\t\t\t\t\t\t\t\t\t\t\t\t\t\t\t}\n\t\t\t\t\t\t\t\n\t\t\t\t\t\t\t\n\t\t\t\t\t\t\t.huge-it-share-buttons ul {\t\n\t\t\t\t\t\t\t\t float:left; \t\t\t\t\t\t\t\t\t\t\t\t\t\t\t\t\t\t\t\t\t\t\t}\n\t\t\t\t\t\t\t\n\t\t\t\t\t\t\t.huge-it-share-buttons ul li {\n\t\t\t\t\t\t\t\tmargin-left:3px !important;\n\t\t\t\t\t\t\t\tmargin-right:3px !important;\n\t\t\t\t\t\t\t\tpadding:0px;\n\t\t\t\t\t\t\t\tborder:0px ridge #E6354C;\n\t\t\t\t\t\t\t\tborder-radius:11px;\n\t\t\t\t\t\t\t\tbackground-color:#14CC9B;\n\t\t\t\t\t\t\t\twidth:auto !important;\n\t\t\t\t\t\t\t}\n\t\t\t\t\t\t\t\n\t\t\t\t\t\t\t.huge-it-share-buttons ul li #backforunical1798 {\n\t\t\t\t\t\t\t\tbackground-image:url('http:\/\/ministerioaguadevida.net\/jovenes\/wp-content\/plugins\/wp-share-buttons\/Front_end\/..\/images\/buttons.20.png');\n\t\t\t\t\t\t\t\twidth:20px;\n\t\t\t\t\t\t\t\theight:20px;\n\t\t\t\t\t\t\t}\n\t\t\t\t\t\t<\/style>\n\t\t\t\t\t\t\t\t\t\t\t\t<div id=\"huge-it-share-buttons-top\" class=\"huge-it-share-buttons nobackground\">\n\t\t\t\t\t\t\t<h3>Share This:<\/h3>\n\t\t\t\t\t\t\t<ul class=\"huge-it-share-buttons-list\">\t\t\n\t\t\t\t\t\t\t\t\n\t\t\t\t\t\t\t\t\t\t\t\t\t\t\t\t\t<li class=\" nobackground\" >\n\t\t\t\t\t\t\t\t\t\n\t\t\t\t\t\t\t\t\t\t\t\t\t\t\t\t\t\t\t\t\t<a id=\"backforunical1798\" href=\"https:\/\/www.facebook.com\/sharer\/sharer.php?m2w&u=http:\/\/ministerioaguadevida.net\/jovenes\/wp-json\/wp\/v2\/pages\/1798\"  onclick=\"javascript:void window.open('https:\/\/www.facebook.com\/sharer\/sharer.php?m2w&u=http:\/\/ministerioaguadevida.net\/jovenes\/wp-json\/wp\/v2\/pages\/1798','1410949501326','width=700,height=500,toolbar=0,menubar=0,location=0,status=1,scrollbars=1,resizable=1,left=0,top=0');return false;\" style=\"background-position: -0px -80px \"><\/a>\n\t\t\t\t\t\t\t\t\t<\/li>\n\t\t\t\t\t\t\t\t\t\t\t\t\t\t\t\t\t<li class=\" nobackground\" >\n\t\t\t\t\t\t\t\t\t\n\t\t\t\t\t\t\t\t\t\t\t\t\t\t\t\t\t\t\t\t\t<a id=\"backforunical1798\" href=\"https:\/\/twitter.com\/share?status=http:\/\/ministerioaguadevida.net\/jovenes\/wp-json\/wp\/v2\/pages\/1798&text=D\u00edas con Dios\"  onclick=\"javascript:void window.open('https:\/\/twitter.com\/share?status=http:\/\/ministerioaguadevida.net\/jovenes\/wp-json\/wp\/v2\/pages\/1798&text=D\u00edas con Dios','1410949501326','width=700,height=500,toolbar=0,menubar=0,location=0,status=1,scrollbars=1,resizable=1,left=0,top=0');return false;\" style=\"background-position: -20px -80px \"><\/a>\n\t\t\t\t\t\t\t\t\t<\/li>\n\t\t\t\t\t\t\t\t\t\t\t\t\t\t\t\t\t<li class=\"none nobackground\" >\n\t\t\t\t\t\t\t\t\t\n\t\t\t\t\t\t\t\t\t\t\t\t\t\t\t\t\t\t\t\t\t<a id=\"backforunical1798\" href=\"http:\/\/www.pinterest.com\/pin\/create\/button\/?url=http:\/\/ministerioaguadevida.net\/jovenes\/wp-json\/wp\/v2\/pages\/1798&media=http:\/\/ministerioaguadevida.net\/jovenes\/wp-content\/plugins\/wp-share-buttons\/Front_end\/..\/images\/noimage.png&description=D\u00edas con Dios\"  onclick=\"javascript:void window.open('http:\/\/www.pinterest.com\/pin\/create\/button\/?url=http:\/\/ministerioaguadevida.net\/jovenes\/wp-json\/wp\/v2\/pages\/1798&media=http:\/\/ministerioaguadevida.net\/jovenes\/wp-content\/plugins\/wp-share-buttons\/Front_end\/..\/images\/noimage.png&description=D\u00edas con Dios','1410949501326','width=700,height=500,toolbar=0,menubar=0,location=0,status=1,scrollbars=1,resizable=1,left=0,top=0');return false;\" style=\"background-position: -40px -80px \"><\/a>\n\t\t\t\t\t\t\t\t\t<\/li>\n\t\t\t\t\t\t\t\t\t\t\t\t\t\t\t\t\t<li class=\" nobackground\" >\n\t\t\t\t\t\t\t\t\t\n\t\t\t\t\t\t\t\t\t\t\t\t\t\t\t\t\t\t\t\t\t<a id=\"backforunical1798\" href=\"https:\/\/plus.google.com\/share?url=http:\/\/ministerioaguadevida.net\/jovenes\/wp-json\/wp\/v2\/pages\/1798\"  onclick=\"javascript:void window.open('https:\/\/plus.google.com\/share?url=http:\/\/ministerioaguadevida.net\/jovenes\/wp-json\/wp\/v2\/pages\/1798','1410949501326','width=700,height=500,toolbar=0,menubar=0,location=0,status=1,scrollbars=1,resizable=1,left=0,top=0');return false;\" style=\"background-position: -60px -80px \"><\/a>\n\t\t\t\t\t\t\t\t\t<\/li>\n\t\t\t\t\t\t\t\t\t\t\t\t\t\t\t\t\t<li class=\"none nobackground\" >\n\t\t\t\t\t\t\t\t\t\n\t\t\t\t\t\t\t\t\t\t\t\t\t\t\t\t\t\t\t\t\t<a id=\"backforunical1798\" href=\"https:\/\/www.linkedin.com\/shareArticle?title=D\u00edas con Dios&mini=true&url=http:\/\/ministerioaguadevida.net\/jovenes\/wp-json\/wp\/v2\/pages\/1798\"  onclick=\"javascript:void window.open('https:\/\/www.linkedin.com\/shareArticle?title=D\u00edas con Dios&mini=true&url=http:\/\/ministerioaguadevida.net\/jovenes\/wp-json\/wp\/v2\/pages\/1798','1410949501326','width=700,height=500,toolbar=0,menubar=0,location=0,status=1,scrollbars=1,resizable=1,left=0,top=0');return false;\" style=\"background-position: -80px -80px \"><\/a>\n\t\t\t\t\t\t\t\t\t<\/li>\n\t\t\t\t\t\t\t\t\t\t\t\t\t\t\t\t\t<li class=\"none nobackground\" >\n\t\t\t\t\t\t\t\t\t\n\t\t\t\t\t\t\t\t\t\t\t\t\t\t\t\t\t\t\t\t\t<a id=\"backforunical1798\" href=\"https:\/\/www.tumblr.com\/share\/link?url=http:\/\/ministerioaguadevida.net\/jovenes\/wp-json\/wp\/v2\/pages\/1798&name=D\u00edas con Dios\"  onclick=\"javascript:void window.open('https:\/\/www.tumblr.com\/share\/link?url=http:\/\/ministerioaguadevida.net\/jovenes\/wp-json\/wp\/v2\/pages\/1798&name=D\u00edas con Dios','1410949501326','width=700,height=500,toolbar=0,menubar=0,location=0,status=1,scrollbars=1,resizable=1,left=0,top=0');return false;\" style=\"background-position: -100px -80px \"><\/a>\n\t\t\t\t\t\t\t\t\t<\/li>\n\t\t\t\t\t\t\t\t\t\t\t\t\t\t\t\t\t<li class=\"none nobackground\" >\n\t\t\t\t\t\t\t\t\t\n\t\t\t\t\t\t\t\t\t\t\t\t\t\t\t\t\t\t\t\t\t<a id=\"backforunical1798\" href=\"http:\/\/digg.com\/submit?phase=2&url=http:\/\/ministerioaguadevida.net\/jovenes\/wp-json\/wp\/v2\/pages\/1798&title=D\u00edas con Dios\"  onclick=\"javascript:void window.open('http:\/\/digg.com\/submit?phase=2&url=http:\/\/ministerioaguadevida.net\/jovenes\/wp-json\/wp\/v2\/pages\/1798&title=D\u00edas con Dios','1410949501326','width=700,height=500,toolbar=0,menubar=0,location=0,status=1,scrollbars=1,resizable=1,left=0,top=0');return false;\" style=\"background-position: -120px -80px \"><\/a>\n\t\t\t\t\t\t\t\t\t<\/li>\n\t\t\t\t\t\t\t\t\t\t\t\t\t\t\t\t\t<li class=\"none nobackground\" >\n\t\t\t\t\t\t\t\t\t\n\t\t\t\t\t\t\t\t\t\t\t\t\t\t\t\t\t\t\t\t\t<a id=\"backforunical1798\" href=\"http:\/\/www.stumbleupon.com\/submit?url=http:\/\/ministerioaguadevida.net\/jovenes\/wp-json\/wp\/v2\/pages\/1798&title=D\u00edas con Dios\"  onclick=\"javascript:void window.open('http:\/\/www.stumbleupon.com\/submit?url=http:\/\/ministerioaguadevida.net\/jovenes\/wp-json\/wp\/v2\/pages\/1798&title=D\u00edas con Dios','1410949501326','width=700,height=500,toolbar=0,menubar=0,location=0,status=1,scrollbars=1,resizable=1,left=0,top=0');return false;\" style=\"background-position: -140px -80px \"><\/a>\n\t\t\t\t\t\t\t\t\t<\/li>\n\t\t\t\t\t\t\t\t\t\t\t\t\t\t\t\t\t<li class=\"none nobackground\" >\n\t\t\t\t\t\t\t\t\t\n\t\t\t\t\t\t\t\t\t\t\t\t\t\t\t\t\t\t\t\t\t<a id=\"backforunical1798\" href=\"https:\/\/myspace.com\/post?l=3&u=http:\/\/ministerioaguadevida.net\/jovenes\/wp-json\/wp\/v2\/pages\/1798\"  onclick=\"javascript:void window.open('https:\/\/myspace.com\/post?l=3&u=http:\/\/ministerioaguadevida.net\/jovenes\/wp-json\/wp\/v2\/pages\/1798','1410949501326','width=700,height=500,toolbar=0,menubar=0,location=0,status=1,scrollbars=1,resizable=1,left=0,top=0');return false;\" style=\"background-position: -160px -80px \"><\/a>\n\t\t\t\t\t\t\t\t\t<\/li>\n\t\t\t\t\t\t\t\t\t\t\t\t\t\t\t\t\t<li class=\"none nobackground\" >\n\t\t\t\t\t\t\t\t\t\n\t\t\t\t\t\t\t\t\t\t\t\t\t\t\t\t\t\t\t\t\t<a id=\"backforunical1798\" href=\"http:\/\/vk.com\/share.php?url=http:\/\/ministerioaguadevida.net\/jovenes\/wp-json\/wp\/v2\/pages\/1798&title=D\u00edas con Dios\"  onclick=\"javascript:void window.open('http:\/\/vk.com\/share.php?url=http:\/\/ministerioaguadevida.net\/jovenes\/wp-json\/wp\/v2\/pages\/1798&title=D\u00edas con Dios','1410949501326','width=700,height=500,toolbar=0,menubar=0,location=0,status=1,scrollbars=1,resizable=1,left=0,top=0');return false;\" style=\"background-position: -180px -80px \"><\/a>\n\t\t\t\t\t\t\t\t\t<\/li>\n\t\t\t\t\t\t\t\t\t\t\t\t\t\t\t\t\t<li class=\"none nobackground\" >\n\t\t\t\t\t\t\t\t\t\n\t\t\t\t\t\t\t\t\t\t\t\t\t\t\t\t\t\t\t\t\t<a id=\"backforunical1798\" href=\"http:\/\/www.reddit.com\/submit?url=http:\/\/ministerioaguadevida.net\/jovenes\/wp-json\/wp\/v2\/pages\/1798&title=D\u00edas con Dios\"  onclick=\"javascript:void window.open('http:\/\/www.reddit.com\/submit?url=http:\/\/ministerioaguadevida.net\/jovenes\/wp-json\/wp\/v2\/pages\/1798&title=D\u00edas con Dios','1410949501326','width=700,height=500,toolbar=0,menubar=0,location=0,status=1,scrollbars=1,resizable=1,left=0,top=0');return false;\" style=\"background-position: -200px -80px \"><\/a>\n\t\t\t\t\t\t\t\t\t<\/li>\n\t\t\t\t\t\t\t\t\t\t\t\t\t\t\t\t\t<li class=\"none nobackground\" >\n\t\t\t\t\t\t\t\t\t\n\t\t\t\t\t\t\t\t\t\t\t\t\t\t\t\t\t\t\t\t\t<a id=\"backforunical1798\" href=\"http:\/\/www.bebo.com\/c\/share?Url=http:\/\/ministerioaguadevida.net\/jovenes\/wp-json\/wp\/v2\/pages\/1798\"  onclick=\"javascript:void window.open('http:\/\/www.bebo.com\/c\/share?Url=http:\/\/ministerioaguadevida.net\/jovenes\/wp-json\/wp\/v2\/pages\/1798','1410949501326','width=700,height=500,toolbar=0,menubar=0,location=0,status=1,scrollbars=1,resizable=1,left=0,top=0');return false;\" style=\"background-position: -220px -80px \"><\/a>\n\t\t\t\t\t\t\t\t\t<\/li>\n\t\t\t\t\t\t\t\t\t\t\t\t\t\t\t\t\t<li class=\"none nobackground\" >\n\t\t\t\t\t\t\t\t\t\n\t\t\t\t\t\t\t\t\t\t\t\t\t\t\t\t\t\t\t\t\t<a id=\"backforunical1798\" href=\"https:\/\/delicious.com\/save?v=5&noui&jump=close&url=http:\/\/ministerioaguadevida.net\/jovenes\/wp-json\/wp\/v2\/pages\/1798&title=D\u00edas con Dios\"  onclick=\"javascript:void window.open('https:\/\/delicious.com\/save?v=5&noui&jump=close&url=http:\/\/ministerioaguadevida.net\/jovenes\/wp-json\/wp\/v2\/pages\/1798&title=D\u00edas con Dios','1410949501326','width=700,height=500,toolbar=0,menubar=0,location=0,status=1,scrollbars=1,resizable=1,left=0,top=0');return false;\" style=\"background-position: -240px -80px \"><\/a>\n\t\t\t\t\t\t\t\t\t<\/li>\n\t\t\t\t\t\t\t\t\t\t\t\t\t\t\t\t\t<li class=\"none nobackground\" >\n\t\t\t\t\t\t\t\t\t\n\t\t\t\t\t\t\t\t\t\t\t\t\t\t\t\t\t\t\t\t\t<a id=\"backforunical1798\" href=\"http:\/\/www.odnoklassniki.ru\/dk?st.cmd=addShare&st.s=2&st.noresize=on&st._surl=http:\/\/ministerioaguadevida.net\/jovenes\/wp-json\/wp\/v2\/pages\/1798\"  onclick=\"javascript:void window.open('http:\/\/www.odnoklassniki.ru\/dk?st.cmd=addShare&st.s=2&st.noresize=on&st._surl=http:\/\/ministerioaguadevida.net\/jovenes\/wp-json\/wp\/v2\/pages\/1798','1410949501326','width=700,height=500,toolbar=0,menubar=0,location=0,status=1,scrollbars=1,resizable=1,left=0,top=0');return false;\" style=\"background-position: -260px -80px \"><\/a>\n\t\t\t\t\t\t\t\t\t<\/li>\n\t\t\t\t\t\t\t\t\t\t\t\t\t\t\t\t\t<li class=\"none nobackground\" >\n\t\t\t\t\t\t\t\t\t\n\t\t\t\t\t\t\t\t\t\t\t\t\t\t\t\t\t\t\t\t\t<a id=\"backforunical1798\" href=\"http:\/\/sns.qzone.qq.com\/cgi-bin\/qzshare\/cgi_qzshare_onekey?url=http:\/\/ministerioaguadevida.net\/jovenes\/wp-json\/wp\/v2\/pages\/1798&title=D\u00edas con Dios\"  onclick=\"javascript:void window.open('http:\/\/sns.qzone.qq.com\/cgi-bin\/qzshare\/cgi_qzshare_onekey?url=http:\/\/ministerioaguadevida.net\/jovenes\/wp-json\/wp\/v2\/pages\/1798&title=D\u00edas con Dios','1410949501326','width=700,height=500,toolbar=0,menubar=0,location=0,status=1,scrollbars=1,resizable=1,left=0,top=0');return false;\" style=\"background-position: -280px -80px \"><\/a>\n\t\t\t\t\t\t\t\t\t<\/li>\n\t\t\t\t\t\t\t\t\t\t\t\t\t\t\t\t\t<li class=\"none nobackground\" >\n\t\t\t\t\t\t\t\t\t\n\t\t\t\t\t\t\t\t\t\t\t\t\t\t\t\t\t\t\t\t\t<a id=\"backforunical1798\" href=\"http:\/\/service.weibo.com\/share\/share.php?url=http:\/\/ministerioaguadevida.net\/jovenes\/wp-json\/wp\/v2\/pages\/1798&appkey=&title=D\u00edas con Dios&pic=&ralateUid=&\"  onclick=\"javascript:void window.open('http:\/\/service.weibo.com\/share\/share.php?url=http:\/\/ministerioaguadevida.net\/jovenes\/wp-json\/wp\/v2\/pages\/1798&appkey=&title=D\u00edas con Dios&pic=&ralateUid=&','1410949501326','width=700,height=500,toolbar=0,menubar=0,location=0,status=1,scrollbars=1,resizable=1,left=0,top=0');return false;\" style=\"background-position: -300px -80px \"><\/a>\n\t\t\t\t\t\t\t\t\t<\/li>\n\t\t\t\t\t\t\t\t\t\t\t\t\t\t\t\t\t<li class=\"none nobackground\" >\n\t\t\t\t\t\t\t\t\t\n\t\t\t\t\t\t\t\t\t\t\t\t\t\t\t\t\t\t\t\t\t<a id=\"backforunical1798\" href=\"http:\/\/widget.renren.com\/dialog\/share?resourceUrl=http:\/\/ministerioaguadevida.net\/jovenes\/wp-json\/wp\/v2\/pages\/1798&srcUrl=http:\/\/ministerioaguadevida.net\/jovenes\/wp-json\/wp\/v2\/pages\/1798&title=D\u00edas con Dios\"  onclick=\"javascript:void window.open('http:\/\/widget.renren.com\/dialog\/share?resourceUrl=http:\/\/ministerioaguadevida.net\/jovenes\/wp-json\/wp\/v2\/pages\/1798&srcUrl=http:\/\/ministerioaguadevida.net\/jovenes\/wp-json\/wp\/v2\/pages\/1798&title=D\u00edas con Dios','1410949501326','width=700,height=500,toolbar=0,menubar=0,location=0,status=1,scrollbars=1,resizable=1,left=0,top=0');return false;\" style=\"background-position: -320px -80px \"><\/a>\n\t\t\t\t\t\t\t\t\t<\/li>\n\t\t\t\t\t\t\t\t\t\t\t\t\t\t\t\t\t<li class=\"none nobackground\" >\n\t\t\t\t\t\t\t\t\t\n\t\t\t\t\t\t\t\t\t\t\t\t\t\t\t\t\t\t\t\t\t<a id=\"backforunical1798\" href=\"http:\/\/n4g.com\/tips?url=http:\/\/ministerioaguadevida.net\/jovenes\/wp-json\/wp\/v2\/pages\/1798&title=D\u00edas con Dios\"  onclick=\"javascript:void window.open('http:\/\/n4g.com\/tips?url=http:\/\/ministerioaguadevida.net\/jovenes\/wp-json\/wp\/v2\/pages\/1798&title=D\u00edas con Dios','1410949501326','width=700,height=500,toolbar=0,menubar=0,location=0,status=1,scrollbars=1,resizable=1,left=0,top=0');return false;\" style=\"background-position: -340px -80px \"><\/a>\n\t\t\t\t\t\t\t\t\t<\/li>\n\t\t\t\t\t\t\t\t\t\t\t\t\t\t\t<\/ul>\n\t\t\t\t\t\t\n\t\t\t\t\t\t\t<div class=\"clear\"><\/div>\n\t\t\t\t\t\t<\/div>\n\n\t\n\t\n\n\t","protected":false},"excerpt":{"rendered":"<p>Ens\u00e9\u00f1anos de tal modo a contar nuestros d\u00edas, Que traigamos al coraz\u00f3n sabidur\u00eda. Salmos 90:12 RVR1960 http:\/\/bible.com\/149\/psa.90.12.RVR1960 Buenas D\u00edas Hoy [&hellip;]<\/p>\n","protected":false},"author":1,"featured_media":0,"parent":0,"menu_order":0,"comment_status":"closed","ping_status":"closed","template":"","meta":[],"_links":{"self":[{"href":"http:\/\/ministerioaguadevida.net\/jovenes\/wp-json\/wp\/v2\/pages\/1798"}],"collection":[{"href":"http:\/\/ministerioaguadevida.net\/jovenes\/wp-json\/wp\/v2\/pages"}],"about":[{"href":"http:\/\/ministerioaguadevida.net\/jovenes\/wp-json\/wp\/v2\/types\/page"}],"author":[{"embeddable":true,"href":"http:\/\/ministerioaguadevida.net\/jovenes\/wp-json\/wp\/v2\/users\/1"}],"replies":[{"embeddable":true,"href":"http:\/\/ministerioaguadevida.net\/jovenes\/wp-json\/wp\/v2\/comments?post=1798"}],"version-history":[{"count":1,"href":"http:\/\/ministerioaguadevida.net\/jovenes\/wp-json\/wp\/v2\/pages\/1798\/revisions"}],"predecessor-version":[{"id":1800,"href":"http:\/\/ministerioaguadevida.net\/jovenes\/wp-json\/wp\/v2\/pages\/1798\/revisions\/1800"}],"wp:attachment":[{"href":"http:\/\/ministerioaguadevida.net\/jovenes\/wp-json\/wp\/v2\/media?parent=1798"}],"curies":[{"name":"wp","href":"https:\/\/api.w.org\/{rel}","templated":true}]}}