{"id":1806,"date":"2016-08-11T10:06:40","date_gmt":"2016-08-11T15:06:40","guid":{"rendered":"http:\/\/ministerioaguadevida.net\/jovenes\/?page_id=1806"},"modified":"2016-08-11T10:06:40","modified_gmt":"2016-08-11T15:06:40","slug":"alabanza-y-victoria","status":"publish","type":"page","link":"http:\/\/ministerioaguadevida.net\/jovenes\/alabanza-y-victoria\/","title":{"rendered":"ALABANZA Y VICTORIA"},"content":{"rendered":"<p>2 Cr\u00f3nicas 20<br \/>\n21  Y habido consejo con el pueblo, puso a algunos que cantasen y alabasen a Jehov\u00e1, vestidos de ornamentos sagrados, mientras sal\u00eda la gente armada, y que dijesen: Glorificad a Jehov\u00e1, porque su misericordia es para siempre.<br \/>\n22  Y cuando comenzaron a entonar cantos de alabanza, Jehov\u00e1 puso contra los hijos de Am\u00f3n, de Moab, y del monte de Seir, las emboscadas de ellos mismos que ven\u00edan contra Jud\u00e1, y se mataron los unos a los otros.<\/p>\n<p>Buenos d\u00edas<br \/>\nEl texto anterior hace referencia a un episodio que me llama mucho la atenci\u00f3n pues contra los israelitas ven\u00eda una gran multitud dispuesta a destruirlos. <\/p>\n<p>Su posibilidad de vencer en este ataque era 0% el otro ej\u00e9rcito los superaba por mucho en n\u00famero y en fuerza.<\/p>\n<p>Sin embargo vemos que la estrategia que el mismo Dios les dio fue que alabaran y delante del ejercito fueron los cantores y los musicos bendiciendo y exaltando el nombre de Dios. Como resultado Dios confundi\u00f3 el ej\u00e9rcito enemigo, los cuales se mataron unos a otros y los israelitas ganaron sin usar ni una sola espada. <\/p>\n<p>\u00bfTienes un problema en el cual sientes que tus posibilidades son el 0%?, \u00bfHay en tu vida un gigante que se burla de ti y piensas que no podr\u00e1s vencerle? <\/p>\n<p>La estrategia sigue siendo la misma. Alaba a Dios, canta a su misericordia y declara la victoria a\u00fan cuando no la veas. Ver\u00e1s como a medida que alabas tus gigantes se destruir\u00e1n entre ellos y Dios te dar\u00e1 la victoria. Los israelitas no esperaron a tener la victoria para alabar, fue la alabanza la que movi\u00f3 la mano de Dios y los llev\u00f3 a la victoria, ellos sab\u00edan que Dios estaba en medio de ellos como lo est\u00e1 en medio de nosotros, pusieron su confianza en El, su 0% se convirti\u00f3 en un 100%  y vencieron. <\/p>\n<p>Feliz d\u00eda<\/p>\n<p><strong>Sandra Milena Jara Ministerio Agua de Vida<\/strong><\/p>\n\t\t\t\t\t\t\t<style>\n\t\t\t\t\t\t\t\t\t\t\t\t\t\t.huge-it-share-buttons {\n\t\t\t\t\t\t\t\tborder:0px solid #0FB5D6;\n\t\t\t\t\t\t\t\tborder-radius:5px;\n\t\t\t\t\t\t\t\t\n\t\t\t\t\t\t\t\t\n\t\t\t\t\t\t\t\t text-align:left; \t\t\t\t\t\t\t\t\t\t\t\t\t\t\t\t\t\t\t\t\t\t\t}\n\t\t\t\t\t\t\t\n\t\t\t\t\t\t\t#huge-it-share-buttons-top {margin-bottom:0px;}\n\t\t\t\t\t\t\t#huge-it-share-buttons-bottom {margin-top:0px;}\n\t\t\t\t\t\t\t\n\t\t\t\t\t\t\t.huge-it-share-buttons h3 {\n\t\t\t\t\t\t\t\tfont-size:25px ;\n\t\t\t\t\t\t\t\tfont-family:Arial,Helvetica Neue,Helvetica,sans-serif;\n\t\t\t\t\t\t\t\tcolor:#666666;\n\t\t\t\t\t\t\t\t\n\t\t\t\t\t\t\t\tdisplay:block;\t\t\t\t\t\t\t\tline-height:25px ;\n\t\t\t\t\t\t\t\t\n\t\t\t\t\t\t\t\t text-align:left; \t\t\t\t\t\t\t\t\t\t\t\t\t\t\t\t\t\t\t\t\t\t\t}\n\t\t\t\t\t\t\t\n\t\t\t\t\t\t\t\n\t\t\t\t\t\t\t.huge-it-share-buttons ul {\t\n\t\t\t\t\t\t\t\t float:left; \t\t\t\t\t\t\t\t\t\t\t\t\t\t\t\t\t\t\t\t\t\t\t}\n\t\t\t\t\t\t\t\n\t\t\t\t\t\t\t.huge-it-share-buttons ul li {\n\t\t\t\t\t\t\t\tmargin-left:3px !important;\n\t\t\t\t\t\t\t\tmargin-right:3px !important;\n\t\t\t\t\t\t\t\tpadding:0px;\n\t\t\t\t\t\t\t\tborder:0px ridge #E6354C;\n\t\t\t\t\t\t\t\tborder-radius:11px;\n\t\t\t\t\t\t\t\tbackground-color:#14CC9B;\n\t\t\t\t\t\t\t\twidth:auto !important;\n\t\t\t\t\t\t\t}\n\t\t\t\t\t\t\t\n\t\t\t\t\t\t\t.huge-it-share-buttons ul li #backforunical1806 {\n\t\t\t\t\t\t\t\tbackground-image:url('http:\/\/ministerioaguadevida.net\/jovenes\/wp-content\/plugins\/wp-share-buttons\/Front_end\/..\/images\/buttons.20.png');\n\t\t\t\t\t\t\t\twidth:20px;\n\t\t\t\t\t\t\t\theight:20px;\n\t\t\t\t\t\t\t}\n\t\t\t\t\t\t<\/style>\n\t\t\t\t\t\t\t\t\t\t\t\t<div id=\"huge-it-share-buttons-top\" class=\"huge-it-share-buttons nobackground\">\n\t\t\t\t\t\t\t<h3>Share This:<\/h3>\n\t\t\t\t\t\t\t<ul class=\"huge-it-share-buttons-list\">\t\t\n\t\t\t\t\t\t\t\t\n\t\t\t\t\t\t\t\t\t\t\t\t\t\t\t\t\t<li class=\" nobackground\" >\n\t\t\t\t\t\t\t\t\t\n\t\t\t\t\t\t\t\t\t\t\t\t\t\t\t\t\t\t\t\t\t<a id=\"backforunical1806\" href=\"https:\/\/www.facebook.com\/sharer\/sharer.php?m2w&u=http:\/\/ministerioaguadevida.net\/jovenes\/wp-json\/wp\/v2\/pages\/1806\"  onclick=\"javascript:void window.open('https:\/\/www.facebook.com\/sharer\/sharer.php?m2w&u=http:\/\/ministerioaguadevida.net\/jovenes\/wp-json\/wp\/v2\/pages\/1806','1410949501326','width=700,height=500,toolbar=0,menubar=0,location=0,status=1,scrollbars=1,resizable=1,left=0,top=0');return false;\" style=\"background-position: -0px -80px \"><\/a>\n\t\t\t\t\t\t\t\t\t<\/li>\n\t\t\t\t\t\t\t\t\t\t\t\t\t\t\t\t\t<li class=\" nobackground\" >\n\t\t\t\t\t\t\t\t\t\n\t\t\t\t\t\t\t\t\t\t\t\t\t\t\t\t\t\t\t\t\t<a id=\"backforunical1806\" href=\"https:\/\/twitter.com\/share?status=http:\/\/ministerioaguadevida.net\/jovenes\/wp-json\/wp\/v2\/pages\/1806&text=ALABANZA Y VICTORIA\"  onclick=\"javascript:void window.open('https:\/\/twitter.com\/share?status=http:\/\/ministerioaguadevida.net\/jovenes\/wp-json\/wp\/v2\/pages\/1806&text=ALABANZA Y VICTORIA','1410949501326','width=700,height=500,toolbar=0,menubar=0,location=0,status=1,scrollbars=1,resizable=1,left=0,top=0');return false;\" style=\"background-position: -20px -80px \"><\/a>\n\t\t\t\t\t\t\t\t\t<\/li>\n\t\t\t\t\t\t\t\t\t\t\t\t\t\t\t\t\t<li class=\"none nobackground\" >\n\t\t\t\t\t\t\t\t\t\n\t\t\t\t\t\t\t\t\t\t\t\t\t\t\t\t\t\t\t\t\t<a id=\"backforunical1806\" href=\"http:\/\/www.pinterest.com\/pin\/create\/button\/?url=http:\/\/ministerioaguadevida.net\/jovenes\/wp-json\/wp\/v2\/pages\/1806&media=http:\/\/ministerioaguadevida.net\/jovenes\/wp-content\/plugins\/wp-share-buttons\/Front_end\/..\/images\/noimage.png&description=ALABANZA Y VICTORIA\"  onclick=\"javascript:void window.open('http:\/\/www.pinterest.com\/pin\/create\/button\/?url=http:\/\/ministerioaguadevida.net\/jovenes\/wp-json\/wp\/v2\/pages\/1806&media=http:\/\/ministerioaguadevida.net\/jovenes\/wp-content\/plugins\/wp-share-buttons\/Front_end\/..\/images\/noimage.png&description=ALABANZA Y VICTORIA','1410949501326','width=700,height=500,toolbar=0,menubar=0,location=0,status=1,scrollbars=1,resizable=1,left=0,top=0');return false;\" style=\"background-position: -40px -80px \"><\/a>\n\t\t\t\t\t\t\t\t\t<\/li>\n\t\t\t\t\t\t\t\t\t\t\t\t\t\t\t\t\t<li class=\" nobackground\" >\n\t\t\t\t\t\t\t\t\t\n\t\t\t\t\t\t\t\t\t\t\t\t\t\t\t\t\t\t\t\t\t<a id=\"backforunical1806\" href=\"https:\/\/plus.google.com\/share?url=http:\/\/ministerioaguadevida.net\/jovenes\/wp-json\/wp\/v2\/pages\/1806\"  onclick=\"javascript:void window.open('https:\/\/plus.google.com\/share?url=http:\/\/ministerioaguadevida.net\/jovenes\/wp-json\/wp\/v2\/pages\/1806','1410949501326','width=700,height=500,toolbar=0,menubar=0,location=0,status=1,scrollbars=1,resizable=1,left=0,top=0');return false;\" style=\"background-position: -60px -80px \"><\/a>\n\t\t\t\t\t\t\t\t\t<\/li>\n\t\t\t\t\t\t\t\t\t\t\t\t\t\t\t\t\t<li class=\"none nobackground\" >\n\t\t\t\t\t\t\t\t\t\n\t\t\t\t\t\t\t\t\t\t\t\t\t\t\t\t\t\t\t\t\t<a id=\"backforunical1806\" href=\"https:\/\/www.linkedin.com\/shareArticle?title=ALABANZA Y VICTORIA&mini=true&url=http:\/\/ministerioaguadevida.net\/jovenes\/wp-json\/wp\/v2\/pages\/1806\"  onclick=\"javascript:void window.open('https:\/\/www.linkedin.com\/shareArticle?title=ALABANZA Y VICTORIA&mini=true&url=http:\/\/ministerioaguadevida.net\/jovenes\/wp-json\/wp\/v2\/pages\/1806','1410949501326','width=700,height=500,toolbar=0,menubar=0,location=0,status=1,scrollbars=1,resizable=1,left=0,top=0');return false;\" style=\"background-position: -80px -80px \"><\/a>\n\t\t\t\t\t\t\t\t\t<\/li>\n\t\t\t\t\t\t\t\t\t\t\t\t\t\t\t\t\t<li class=\"none nobackground\" >\n\t\t\t\t\t\t\t\t\t\n\t\t\t\t\t\t\t\t\t\t\t\t\t\t\t\t\t\t\t\t\t<a id=\"backforunical1806\" href=\"https:\/\/www.tumblr.com\/share\/link?url=http:\/\/ministerioaguadevida.net\/jovenes\/wp-json\/wp\/v2\/pages\/1806&name=ALABANZA Y VICTORIA\"  onclick=\"javascript:void window.open('https:\/\/www.tumblr.com\/share\/link?url=http:\/\/ministerioaguadevida.net\/jovenes\/wp-json\/wp\/v2\/pages\/1806&name=ALABANZA Y VICTORIA','1410949501326','width=700,height=500,toolbar=0,menubar=0,location=0,status=1,scrollbars=1,resizable=1,left=0,top=0');return false;\" style=\"background-position: -100px -80px \"><\/a>\n\t\t\t\t\t\t\t\t\t<\/li>\n\t\t\t\t\t\t\t\t\t\t\t\t\t\t\t\t\t<li class=\"none nobackground\" >\n\t\t\t\t\t\t\t\t\t\n\t\t\t\t\t\t\t\t\t\t\t\t\t\t\t\t\t\t\t\t\t<a id=\"backforunical1806\" href=\"http:\/\/digg.com\/submit?phase=2&url=http:\/\/ministerioaguadevida.net\/jovenes\/wp-json\/wp\/v2\/pages\/1806&title=ALABANZA Y VICTORIA\"  onclick=\"javascript:void window.open('http:\/\/digg.com\/submit?phase=2&url=http:\/\/ministerioaguadevida.net\/jovenes\/wp-json\/wp\/v2\/pages\/1806&title=ALABANZA Y VICTORIA','1410949501326','width=700,height=500,toolbar=0,menubar=0,location=0,status=1,scrollbars=1,resizable=1,left=0,top=0');return false;\" style=\"background-position: -120px -80px \"><\/a>\n\t\t\t\t\t\t\t\t\t<\/li>\n\t\t\t\t\t\t\t\t\t\t\t\t\t\t\t\t\t<li class=\"none nobackground\" >\n\t\t\t\t\t\t\t\t\t\n\t\t\t\t\t\t\t\t\t\t\t\t\t\t\t\t\t\t\t\t\t<a id=\"backforunical1806\" href=\"http:\/\/www.stumbleupon.com\/submit?url=http:\/\/ministerioaguadevida.net\/jovenes\/wp-json\/wp\/v2\/pages\/1806&title=ALABANZA Y VICTORIA\"  onclick=\"javascript:void window.open('http:\/\/www.stumbleupon.com\/submit?url=http:\/\/ministerioaguadevida.net\/jovenes\/wp-json\/wp\/v2\/pages\/1806&title=ALABANZA Y VICTORIA','1410949501326','width=700,height=500,toolbar=0,menubar=0,location=0,status=1,scrollbars=1,resizable=1,left=0,top=0');return false;\" style=\"background-position: -140px -80px \"><\/a>\n\t\t\t\t\t\t\t\t\t<\/li>\n\t\t\t\t\t\t\t\t\t\t\t\t\t\t\t\t\t<li class=\"none nobackground\" >\n\t\t\t\t\t\t\t\t\t\n\t\t\t\t\t\t\t\t\t\t\t\t\t\t\t\t\t\t\t\t\t<a id=\"backforunical1806\" href=\"https:\/\/myspace.com\/post?l=3&u=http:\/\/ministerioaguadevida.net\/jovenes\/wp-json\/wp\/v2\/pages\/1806\"  onclick=\"javascript:void window.open('https:\/\/myspace.com\/post?l=3&u=http:\/\/ministerioaguadevida.net\/jovenes\/wp-json\/wp\/v2\/pages\/1806','1410949501326','width=700,height=500,toolbar=0,menubar=0,location=0,status=1,scrollbars=1,resizable=1,left=0,top=0');return false;\" style=\"background-position: -160px -80px \"><\/a>\n\t\t\t\t\t\t\t\t\t<\/li>\n\t\t\t\t\t\t\t\t\t\t\t\t\t\t\t\t\t<li class=\"none nobackground\" >\n\t\t\t\t\t\t\t\t\t\n\t\t\t\t\t\t\t\t\t\t\t\t\t\t\t\t\t\t\t\t\t<a id=\"backforunical1806\" href=\"http:\/\/vk.com\/share.php?url=http:\/\/ministerioaguadevida.net\/jovenes\/wp-json\/wp\/v2\/pages\/1806&title=ALABANZA Y VICTORIA\"  onclick=\"javascript:void window.open('http:\/\/vk.com\/share.php?url=http:\/\/ministerioaguadevida.net\/jovenes\/wp-json\/wp\/v2\/pages\/1806&title=ALABANZA Y VICTORIA','1410949501326','width=700,height=500,toolbar=0,menubar=0,location=0,status=1,scrollbars=1,resizable=1,left=0,top=0');return false;\" style=\"background-position: -180px -80px \"><\/a>\n\t\t\t\t\t\t\t\t\t<\/li>\n\t\t\t\t\t\t\t\t\t\t\t\t\t\t\t\t\t<li class=\"none nobackground\" >\n\t\t\t\t\t\t\t\t\t\n\t\t\t\t\t\t\t\t\t\t\t\t\t\t\t\t\t\t\t\t\t<a id=\"backforunical1806\" href=\"http:\/\/www.reddit.com\/submit?url=http:\/\/ministerioaguadevida.net\/jovenes\/wp-json\/wp\/v2\/pages\/1806&title=ALABANZA Y VICTORIA\"  onclick=\"javascript:void window.open('http:\/\/www.reddit.com\/submit?url=http:\/\/ministerioaguadevida.net\/jovenes\/wp-json\/wp\/v2\/pages\/1806&title=ALABANZA Y VICTORIA','1410949501326','width=700,height=500,toolbar=0,menubar=0,location=0,status=1,scrollbars=1,resizable=1,left=0,top=0');return false;\" style=\"background-position: -200px -80px \"><\/a>\n\t\t\t\t\t\t\t\t\t<\/li>\n\t\t\t\t\t\t\t\t\t\t\t\t\t\t\t\t\t<li class=\"none nobackground\" >\n\t\t\t\t\t\t\t\t\t\n\t\t\t\t\t\t\t\t\t\t\t\t\t\t\t\t\t\t\t\t\t<a id=\"backforunical1806\" href=\"http:\/\/www.bebo.com\/c\/share?Url=http:\/\/ministerioaguadevida.net\/jovenes\/wp-json\/wp\/v2\/pages\/1806\"  onclick=\"javascript:void window.open('http:\/\/www.bebo.com\/c\/share?Url=http:\/\/ministerioaguadevida.net\/jovenes\/wp-json\/wp\/v2\/pages\/1806','1410949501326','width=700,height=500,toolbar=0,menubar=0,location=0,status=1,scrollbars=1,resizable=1,left=0,top=0');return false;\" style=\"background-position: -220px -80px \"><\/a>\n\t\t\t\t\t\t\t\t\t<\/li>\n\t\t\t\t\t\t\t\t\t\t\t\t\t\t\t\t\t<li class=\"none nobackground\" >\n\t\t\t\t\t\t\t\t\t\n\t\t\t\t\t\t\t\t\t\t\t\t\t\t\t\t\t\t\t\t\t<a id=\"backforunical1806\" href=\"https:\/\/delicious.com\/save?v=5&noui&jump=close&url=http:\/\/ministerioaguadevida.net\/jovenes\/wp-json\/wp\/v2\/pages\/1806&title=ALABANZA Y VICTORIA\"  onclick=\"javascript:void window.open('https:\/\/delicious.com\/save?v=5&noui&jump=close&url=http:\/\/ministerioaguadevida.net\/jovenes\/wp-json\/wp\/v2\/pages\/1806&title=ALABANZA Y VICTORIA','1410949501326','width=700,height=500,toolbar=0,menubar=0,location=0,status=1,scrollbars=1,resizable=1,left=0,top=0');return false;\" style=\"background-position: -240px -80px \"><\/a>\n\t\t\t\t\t\t\t\t\t<\/li>\n\t\t\t\t\t\t\t\t\t\t\t\t\t\t\t\t\t<li class=\"none nobackground\" >\n\t\t\t\t\t\t\t\t\t\n\t\t\t\t\t\t\t\t\t\t\t\t\t\t\t\t\t\t\t\t\t<a id=\"backforunical1806\" href=\"http:\/\/www.odnoklassniki.ru\/dk?st.cmd=addShare&st.s=2&st.noresize=on&st._surl=http:\/\/ministerioaguadevida.net\/jovenes\/wp-json\/wp\/v2\/pages\/1806\"  onclick=\"javascript:void window.open('http:\/\/www.odnoklassniki.ru\/dk?st.cmd=addShare&st.s=2&st.noresize=on&st._surl=http:\/\/ministerioaguadevida.net\/jovenes\/wp-json\/wp\/v2\/pages\/1806','1410949501326','width=700,height=500,toolbar=0,menubar=0,location=0,status=1,scrollbars=1,resizable=1,left=0,top=0');return false;\" style=\"background-position: -260px -80px \"><\/a>\n\t\t\t\t\t\t\t\t\t<\/li>\n\t\t\t\t\t\t\t\t\t\t\t\t\t\t\t\t\t<li class=\"none nobackground\" >\n\t\t\t\t\t\t\t\t\t\n\t\t\t\t\t\t\t\t\t\t\t\t\t\t\t\t\t\t\t\t\t<a id=\"backforunical1806\" href=\"http:\/\/sns.qzone.qq.com\/cgi-bin\/qzshare\/cgi_qzshare_onekey?url=http:\/\/ministerioaguadevida.net\/jovenes\/wp-json\/wp\/v2\/pages\/1806&title=ALABANZA Y VICTORIA\"  onclick=\"javascript:void window.open('http:\/\/sns.qzone.qq.com\/cgi-bin\/qzshare\/cgi_qzshare_onekey?url=http:\/\/ministerioaguadevida.net\/jovenes\/wp-json\/wp\/v2\/pages\/1806&title=ALABANZA Y VICTORIA','1410949501326','width=700,height=500,toolbar=0,menubar=0,location=0,status=1,scrollbars=1,resizable=1,left=0,top=0');return false;\" style=\"background-position: -280px -80px \"><\/a>\n\t\t\t\t\t\t\t\t\t<\/li>\n\t\t\t\t\t\t\t\t\t\t\t\t\t\t\t\t\t<li class=\"none nobackground\" >\n\t\t\t\t\t\t\t\t\t\n\t\t\t\t\t\t\t\t\t\t\t\t\t\t\t\t\t\t\t\t\t<a id=\"backforunical1806\" href=\"http:\/\/service.weibo.com\/share\/share.php?url=http:\/\/ministerioaguadevida.net\/jovenes\/wp-json\/wp\/v2\/pages\/1806&appkey=&title=ALABANZA Y VICTORIA&pic=&ralateUid=&\"  onclick=\"javascript:void window.open('http:\/\/service.weibo.com\/share\/share.php?url=http:\/\/ministerioaguadevida.net\/jovenes\/wp-json\/wp\/v2\/pages\/1806&appkey=&title=ALABANZA Y VICTORIA&pic=&ralateUid=&','1410949501326','width=700,height=500,toolbar=0,menubar=0,location=0,status=1,scrollbars=1,resizable=1,left=0,top=0');return false;\" style=\"background-position: -300px -80px \"><\/a>\n\t\t\t\t\t\t\t\t\t<\/li>\n\t\t\t\t\t\t\t\t\t\t\t\t\t\t\t\t\t<li class=\"none nobackground\" >\n\t\t\t\t\t\t\t\t\t\n\t\t\t\t\t\t\t\t\t\t\t\t\t\t\t\t\t\t\t\t\t<a id=\"backforunical1806\" href=\"http:\/\/widget.renren.com\/dialog\/share?resourceUrl=http:\/\/ministerioaguadevida.net\/jovenes\/wp-json\/wp\/v2\/pages\/1806&srcUrl=http:\/\/ministerioaguadevida.net\/jovenes\/wp-json\/wp\/v2\/pages\/1806&title=ALABANZA Y VICTORIA\"  onclick=\"javascript:void window.open('http:\/\/widget.renren.com\/dialog\/share?resourceUrl=http:\/\/ministerioaguadevida.net\/jovenes\/wp-json\/wp\/v2\/pages\/1806&srcUrl=http:\/\/ministerioaguadevida.net\/jovenes\/wp-json\/wp\/v2\/pages\/1806&title=ALABANZA Y VICTORIA','1410949501326','width=700,height=500,toolbar=0,menubar=0,location=0,status=1,scrollbars=1,resizable=1,left=0,top=0');return false;\" style=\"background-position: -320px -80px \"><\/a>\n\t\t\t\t\t\t\t\t\t<\/li>\n\t\t\t\t\t\t\t\t\t\t\t\t\t\t\t\t\t<li class=\"none nobackground\" >\n\t\t\t\t\t\t\t\t\t\n\t\t\t\t\t\t\t\t\t\t\t\t\t\t\t\t\t\t\t\t\t<a id=\"backforunical1806\" href=\"http:\/\/n4g.com\/tips?url=http:\/\/ministerioaguadevida.net\/jovenes\/wp-json\/wp\/v2\/pages\/1806&title=ALABANZA Y VICTORIA\"  onclick=\"javascript:void window.open('http:\/\/n4g.com\/tips?url=http:\/\/ministerioaguadevida.net\/jovenes\/wp-json\/wp\/v2\/pages\/1806&title=ALABANZA Y VICTORIA','1410949501326','width=700,height=500,toolbar=0,menubar=0,location=0,status=1,scrollbars=1,resizable=1,left=0,top=0');return false;\" style=\"background-position: -340px -80px \"><\/a>\n\t\t\t\t\t\t\t\t\t<\/li>\n\t\t\t\t\t\t\t\t\t\t\t\t\t\t\t<\/ul>\n\t\t\t\t\t\t\n\t\t\t\t\t\t\t<div class=\"clear\"><\/div>\n\t\t\t\t\t\t<\/div>\n\n\t\n\t\n\n\t","protected":false},"excerpt":{"rendered":"<p>2 Cr\u00f3nicas 20 21 Y habido consejo con el pueblo, puso a algunos que cantasen y alabasen a Jehov\u00e1, vestidos [&hellip;]<\/p>\n","protected":false},"author":1,"featured_media":0,"parent":0,"menu_order":0,"comment_status":"closed","ping_status":"closed","template":"","meta":[],"_links":{"self":[{"href":"http:\/\/ministerioaguadevida.net\/jovenes\/wp-json\/wp\/v2\/pages\/1806"}],"collection":[{"href":"http:\/\/ministerioaguadevida.net\/jovenes\/wp-json\/wp\/v2\/pages"}],"about":[{"href":"http:\/\/ministerioaguadevida.net\/jovenes\/wp-json\/wp\/v2\/types\/page"}],"author":[{"embeddable":true,"href":"http:\/\/ministerioaguadevida.net\/jovenes\/wp-json\/wp\/v2\/users\/1"}],"replies":[{"embeddable":true,"href":"http:\/\/ministerioaguadevida.net\/jovenes\/wp-json\/wp\/v2\/comments?post=1806"}],"version-history":[{"count":1,"href":"http:\/\/ministerioaguadevida.net\/jovenes\/wp-json\/wp\/v2\/pages\/1806\/revisions"}],"predecessor-version":[{"id":1808,"href":"http:\/\/ministerioaguadevida.net\/jovenes\/wp-json\/wp\/v2\/pages\/1806\/revisions\/1808"}],"wp:attachment":[{"href":"http:\/\/ministerioaguadevida.net\/jovenes\/wp-json\/wp\/v2\/media?parent=1806"}],"curies":[{"name":"wp","href":"https:\/\/api.w.org\/{rel}","templated":true}]}}