{"id":1810,"date":"2016-08-11T10:08:38","date_gmt":"2016-08-11T15:08:38","guid":{"rendered":"http:\/\/ministerioaguadevida.net\/jovenes\/?page_id=1810"},"modified":"2016-08-11T10:08:38","modified_gmt":"2016-08-11T15:08:38","slug":"dios-va-conmigo","status":"publish","type":"page","link":"http:\/\/ministerioaguadevida.net\/jovenes\/dios-va-conmigo\/","title":{"rendered":"DIOS VA CONMIGO"},"content":{"rendered":"<p>\u00abY \u00e9l dijo:  Mi presencia ir\u00e0 contigo, y te dar\u00e9 descanso\u00bb<br \/>\n\u00c9xodo 33:14<\/p>\n<p>A lo largo de nuestra vida siempre encontramos personas que caminan junto a nosotros o que en momentos determinados nos ayudan en nuestro caminar.<br \/>\nNuestro espos@, nuestros padres, los amigos de estudio o de trabajo, nuestros  compa\u00f1eros en el ministerio; muchos de ellos van ah\u00ed, nos ayudan, nos levantan cuando decaemos,  nos exhortan y hacen nuestra vida mas llevadera y grata; nos hemos puesto a pensar como sera cuando por diversas situaciones ya no esten.<\/p>\n<p>Pero sin duda alguna la mejor compa\u00f1ia es la que Dios me ofrece cada d\u00eda<br \/>\n\u00c9l ha prometido estar conmigo todos los d\u00edas, \u00e9l es mi sustento, mi refugio, mi torre fuerte, \u00e9l amado de mi alma; esa es la compa\u00f1ia que siempre anhela mi coraz\u00f3n.<\/p>\n<p>No despreciemos nunca la presencia de Dios, busquemola siempre, que se convierta en nuestro anhelo diario, que cada d\u00eda yo pueda vivir enamorad@ y  agradecid@ con mi Dios, \u00c9l es mi amigo fiel y el motor de mi vida.<\/p>\n<p>Feliz fin de semana para todos<br \/>\nDios los guarde.<br \/>\n<strong>Fabiola Vargas &#8211; Ministerio Juvenil Agua de Vida<\/strong><\/p>\n\t\t\t\t\t\t\t<style>\n\t\t\t\t\t\t\t\t\t\t\t\t\t\t.huge-it-share-buttons {\n\t\t\t\t\t\t\t\tborder:0px solid #0FB5D6;\n\t\t\t\t\t\t\t\tborder-radius:5px;\n\t\t\t\t\t\t\t\t\n\t\t\t\t\t\t\t\t\n\t\t\t\t\t\t\t\t text-align:left; \t\t\t\t\t\t\t\t\t\t\t\t\t\t\t\t\t\t\t\t\t\t\t}\n\t\t\t\t\t\t\t\n\t\t\t\t\t\t\t#huge-it-share-buttons-top {margin-bottom:0px;}\n\t\t\t\t\t\t\t#huge-it-share-buttons-bottom {margin-top:0px;}\n\t\t\t\t\t\t\t\n\t\t\t\t\t\t\t.huge-it-share-buttons h3 {\n\t\t\t\t\t\t\t\tfont-size:25px ;\n\t\t\t\t\t\t\t\tfont-family:Arial,Helvetica Neue,Helvetica,sans-serif;\n\t\t\t\t\t\t\t\tcolor:#666666;\n\t\t\t\t\t\t\t\t\n\t\t\t\t\t\t\t\tdisplay:block;\t\t\t\t\t\t\t\tline-height:25px ;\n\t\t\t\t\t\t\t\t\n\t\t\t\t\t\t\t\t text-align:left; \t\t\t\t\t\t\t\t\t\t\t\t\t\t\t\t\t\t\t\t\t\t\t}\n\t\t\t\t\t\t\t\n\t\t\t\t\t\t\t\n\t\t\t\t\t\t\t.huge-it-share-buttons ul {\t\n\t\t\t\t\t\t\t\t float:left; \t\t\t\t\t\t\t\t\t\t\t\t\t\t\t\t\t\t\t\t\t\t\t}\n\t\t\t\t\t\t\t\n\t\t\t\t\t\t\t.huge-it-share-buttons ul li {\n\t\t\t\t\t\t\t\tmargin-left:3px !important;\n\t\t\t\t\t\t\t\tmargin-right:3px !important;\n\t\t\t\t\t\t\t\tpadding:0px;\n\t\t\t\t\t\t\t\tborder:0px ridge #E6354C;\n\t\t\t\t\t\t\t\tborder-radius:11px;\n\t\t\t\t\t\t\t\tbackground-color:#14CC9B;\n\t\t\t\t\t\t\t\twidth:auto !important;\n\t\t\t\t\t\t\t}\n\t\t\t\t\t\t\t\n\t\t\t\t\t\t\t.huge-it-share-buttons ul li #backforunical1810 {\n\t\t\t\t\t\t\t\tbackground-image:url('http:\/\/ministerioaguadevida.net\/jovenes\/wp-content\/plugins\/wp-share-buttons\/Front_end\/..\/images\/buttons.20.png');\n\t\t\t\t\t\t\t\twidth:20px;\n\t\t\t\t\t\t\t\theight:20px;\n\t\t\t\t\t\t\t}\n\t\t\t\t\t\t<\/style>\n\t\t\t\t\t\t\t\t\t\t\t\t<div id=\"huge-it-share-buttons-top\" class=\"huge-it-share-buttons nobackground\">\n\t\t\t\t\t\t\t<h3>Share This:<\/h3>\n\t\t\t\t\t\t\t<ul class=\"huge-it-share-buttons-list\">\t\t\n\t\t\t\t\t\t\t\t\n\t\t\t\t\t\t\t\t\t\t\t\t\t\t\t\t\t<li class=\" nobackground\" >\n\t\t\t\t\t\t\t\t\t\n\t\t\t\t\t\t\t\t\t\t\t\t\t\t\t\t\t\t\t\t\t<a id=\"backforunical1810\" href=\"https:\/\/www.facebook.com\/sharer\/sharer.php?m2w&u=http:\/\/ministerioaguadevida.net\/jovenes\/wp-json\/wp\/v2\/pages\/1810\"  onclick=\"javascript:void window.open('https:\/\/www.facebook.com\/sharer\/sharer.php?m2w&u=http:\/\/ministerioaguadevida.net\/jovenes\/wp-json\/wp\/v2\/pages\/1810','1410949501326','width=700,height=500,toolbar=0,menubar=0,location=0,status=1,scrollbars=1,resizable=1,left=0,top=0');return false;\" style=\"background-position: -0px -80px \"><\/a>\n\t\t\t\t\t\t\t\t\t<\/li>\n\t\t\t\t\t\t\t\t\t\t\t\t\t\t\t\t\t<li class=\" nobackground\" >\n\t\t\t\t\t\t\t\t\t\n\t\t\t\t\t\t\t\t\t\t\t\t\t\t\t\t\t\t\t\t\t<a id=\"backforunical1810\" href=\"https:\/\/twitter.com\/share?status=http:\/\/ministerioaguadevida.net\/jovenes\/wp-json\/wp\/v2\/pages\/1810&text=DIOS VA CONMIGO\"  onclick=\"javascript:void window.open('https:\/\/twitter.com\/share?status=http:\/\/ministerioaguadevida.net\/jovenes\/wp-json\/wp\/v2\/pages\/1810&text=DIOS VA CONMIGO','1410949501326','width=700,height=500,toolbar=0,menubar=0,location=0,status=1,scrollbars=1,resizable=1,left=0,top=0');return false;\" style=\"background-position: -20px -80px \"><\/a>\n\t\t\t\t\t\t\t\t\t<\/li>\n\t\t\t\t\t\t\t\t\t\t\t\t\t\t\t\t\t<li class=\"none nobackground\" >\n\t\t\t\t\t\t\t\t\t\n\t\t\t\t\t\t\t\t\t\t\t\t\t\t\t\t\t\t\t\t\t<a id=\"backforunical1810\" href=\"http:\/\/www.pinterest.com\/pin\/create\/button\/?url=http:\/\/ministerioaguadevida.net\/jovenes\/wp-json\/wp\/v2\/pages\/1810&media=http:\/\/ministerioaguadevida.net\/jovenes\/wp-content\/plugins\/wp-share-buttons\/Front_end\/..\/images\/noimage.png&description=DIOS VA CONMIGO\"  onclick=\"javascript:void window.open('http:\/\/www.pinterest.com\/pin\/create\/button\/?url=http:\/\/ministerioaguadevida.net\/jovenes\/wp-json\/wp\/v2\/pages\/1810&media=http:\/\/ministerioaguadevida.net\/jovenes\/wp-content\/plugins\/wp-share-buttons\/Front_end\/..\/images\/noimage.png&description=DIOS VA CONMIGO','1410949501326','width=700,height=500,toolbar=0,menubar=0,location=0,status=1,scrollbars=1,resizable=1,left=0,top=0');return false;\" style=\"background-position: -40px -80px \"><\/a>\n\t\t\t\t\t\t\t\t\t<\/li>\n\t\t\t\t\t\t\t\t\t\t\t\t\t\t\t\t\t<li class=\" nobackground\" >\n\t\t\t\t\t\t\t\t\t\n\t\t\t\t\t\t\t\t\t\t\t\t\t\t\t\t\t\t\t\t\t<a id=\"backforunical1810\" href=\"https:\/\/plus.google.com\/share?url=http:\/\/ministerioaguadevida.net\/jovenes\/wp-json\/wp\/v2\/pages\/1810\"  onclick=\"javascript:void window.open('https:\/\/plus.google.com\/share?url=http:\/\/ministerioaguadevida.net\/jovenes\/wp-json\/wp\/v2\/pages\/1810','1410949501326','width=700,height=500,toolbar=0,menubar=0,location=0,status=1,scrollbars=1,resizable=1,left=0,top=0');return false;\" style=\"background-position: -60px -80px \"><\/a>\n\t\t\t\t\t\t\t\t\t<\/li>\n\t\t\t\t\t\t\t\t\t\t\t\t\t\t\t\t\t<li class=\"none nobackground\" >\n\t\t\t\t\t\t\t\t\t\n\t\t\t\t\t\t\t\t\t\t\t\t\t\t\t\t\t\t\t\t\t<a id=\"backforunical1810\" href=\"https:\/\/www.linkedin.com\/shareArticle?title=DIOS VA CONMIGO&mini=true&url=http:\/\/ministerioaguadevida.net\/jovenes\/wp-json\/wp\/v2\/pages\/1810\"  onclick=\"javascript:void window.open('https:\/\/www.linkedin.com\/shareArticle?title=DIOS VA CONMIGO&mini=true&url=http:\/\/ministerioaguadevida.net\/jovenes\/wp-json\/wp\/v2\/pages\/1810','1410949501326','width=700,height=500,toolbar=0,menubar=0,location=0,status=1,scrollbars=1,resizable=1,left=0,top=0');return false;\" style=\"background-position: -80px -80px \"><\/a>\n\t\t\t\t\t\t\t\t\t<\/li>\n\t\t\t\t\t\t\t\t\t\t\t\t\t\t\t\t\t<li class=\"none nobackground\" >\n\t\t\t\t\t\t\t\t\t\n\t\t\t\t\t\t\t\t\t\t\t\t\t\t\t\t\t\t\t\t\t<a id=\"backforunical1810\" href=\"https:\/\/www.tumblr.com\/share\/link?url=http:\/\/ministerioaguadevida.net\/jovenes\/wp-json\/wp\/v2\/pages\/1810&name=DIOS VA CONMIGO\"  onclick=\"javascript:void window.open('https:\/\/www.tumblr.com\/share\/link?url=http:\/\/ministerioaguadevida.net\/jovenes\/wp-json\/wp\/v2\/pages\/1810&name=DIOS VA CONMIGO','1410949501326','width=700,height=500,toolbar=0,menubar=0,location=0,status=1,scrollbars=1,resizable=1,left=0,top=0');return false;\" style=\"background-position: -100px -80px \"><\/a>\n\t\t\t\t\t\t\t\t\t<\/li>\n\t\t\t\t\t\t\t\t\t\t\t\t\t\t\t\t\t<li class=\"none nobackground\" >\n\t\t\t\t\t\t\t\t\t\n\t\t\t\t\t\t\t\t\t\t\t\t\t\t\t\t\t\t\t\t\t<a id=\"backforunical1810\" href=\"http:\/\/digg.com\/submit?phase=2&url=http:\/\/ministerioaguadevida.net\/jovenes\/wp-json\/wp\/v2\/pages\/1810&title=DIOS VA CONMIGO\"  onclick=\"javascript:void window.open('http:\/\/digg.com\/submit?phase=2&url=http:\/\/ministerioaguadevida.net\/jovenes\/wp-json\/wp\/v2\/pages\/1810&title=DIOS VA CONMIGO','1410949501326','width=700,height=500,toolbar=0,menubar=0,location=0,status=1,scrollbars=1,resizable=1,left=0,top=0');return false;\" style=\"background-position: -120px -80px \"><\/a>\n\t\t\t\t\t\t\t\t\t<\/li>\n\t\t\t\t\t\t\t\t\t\t\t\t\t\t\t\t\t<li class=\"none nobackground\" >\n\t\t\t\t\t\t\t\t\t\n\t\t\t\t\t\t\t\t\t\t\t\t\t\t\t\t\t\t\t\t\t<a id=\"backforunical1810\" href=\"http:\/\/www.stumbleupon.com\/submit?url=http:\/\/ministerioaguadevida.net\/jovenes\/wp-json\/wp\/v2\/pages\/1810&title=DIOS VA CONMIGO\"  onclick=\"javascript:void window.open('http:\/\/www.stumbleupon.com\/submit?url=http:\/\/ministerioaguadevida.net\/jovenes\/wp-json\/wp\/v2\/pages\/1810&title=DIOS VA CONMIGO','1410949501326','width=700,height=500,toolbar=0,menubar=0,location=0,status=1,scrollbars=1,resizable=1,left=0,top=0');return false;\" style=\"background-position: -140px -80px \"><\/a>\n\t\t\t\t\t\t\t\t\t<\/li>\n\t\t\t\t\t\t\t\t\t\t\t\t\t\t\t\t\t<li class=\"none nobackground\" >\n\t\t\t\t\t\t\t\t\t\n\t\t\t\t\t\t\t\t\t\t\t\t\t\t\t\t\t\t\t\t\t<a id=\"backforunical1810\" href=\"https:\/\/myspace.com\/post?l=3&u=http:\/\/ministerioaguadevida.net\/jovenes\/wp-json\/wp\/v2\/pages\/1810\"  onclick=\"javascript:void window.open('https:\/\/myspace.com\/post?l=3&u=http:\/\/ministerioaguadevida.net\/jovenes\/wp-json\/wp\/v2\/pages\/1810','1410949501326','width=700,height=500,toolbar=0,menubar=0,location=0,status=1,scrollbars=1,resizable=1,left=0,top=0');return false;\" style=\"background-position: -160px -80px \"><\/a>\n\t\t\t\t\t\t\t\t\t<\/li>\n\t\t\t\t\t\t\t\t\t\t\t\t\t\t\t\t\t<li class=\"none nobackground\" >\n\t\t\t\t\t\t\t\t\t\n\t\t\t\t\t\t\t\t\t\t\t\t\t\t\t\t\t\t\t\t\t<a id=\"backforunical1810\" href=\"http:\/\/vk.com\/share.php?url=http:\/\/ministerioaguadevida.net\/jovenes\/wp-json\/wp\/v2\/pages\/1810&title=DIOS VA CONMIGO\"  onclick=\"javascript:void window.open('http:\/\/vk.com\/share.php?url=http:\/\/ministerioaguadevida.net\/jovenes\/wp-json\/wp\/v2\/pages\/1810&title=DIOS VA CONMIGO','1410949501326','width=700,height=500,toolbar=0,menubar=0,location=0,status=1,scrollbars=1,resizable=1,left=0,top=0');return false;\" style=\"background-position: -180px -80px \"><\/a>\n\t\t\t\t\t\t\t\t\t<\/li>\n\t\t\t\t\t\t\t\t\t\t\t\t\t\t\t\t\t<li class=\"none nobackground\" >\n\t\t\t\t\t\t\t\t\t\n\t\t\t\t\t\t\t\t\t\t\t\t\t\t\t\t\t\t\t\t\t<a id=\"backforunical1810\" href=\"http:\/\/www.reddit.com\/submit?url=http:\/\/ministerioaguadevida.net\/jovenes\/wp-json\/wp\/v2\/pages\/1810&title=DIOS VA CONMIGO\"  onclick=\"javascript:void window.open('http:\/\/www.reddit.com\/submit?url=http:\/\/ministerioaguadevida.net\/jovenes\/wp-json\/wp\/v2\/pages\/1810&title=DIOS VA CONMIGO','1410949501326','width=700,height=500,toolbar=0,menubar=0,location=0,status=1,scrollbars=1,resizable=1,left=0,top=0');return false;\" style=\"background-position: -200px -80px \"><\/a>\n\t\t\t\t\t\t\t\t\t<\/li>\n\t\t\t\t\t\t\t\t\t\t\t\t\t\t\t\t\t<li class=\"none nobackground\" >\n\t\t\t\t\t\t\t\t\t\n\t\t\t\t\t\t\t\t\t\t\t\t\t\t\t\t\t\t\t\t\t<a id=\"backforunical1810\" href=\"http:\/\/www.bebo.com\/c\/share?Url=http:\/\/ministerioaguadevida.net\/jovenes\/wp-json\/wp\/v2\/pages\/1810\"  onclick=\"javascript:void window.open('http:\/\/www.bebo.com\/c\/share?Url=http:\/\/ministerioaguadevida.net\/jovenes\/wp-json\/wp\/v2\/pages\/1810','1410949501326','width=700,height=500,toolbar=0,menubar=0,location=0,status=1,scrollbars=1,resizable=1,left=0,top=0');return false;\" style=\"background-position: -220px -80px \"><\/a>\n\t\t\t\t\t\t\t\t\t<\/li>\n\t\t\t\t\t\t\t\t\t\t\t\t\t\t\t\t\t<li class=\"none nobackground\" >\n\t\t\t\t\t\t\t\t\t\n\t\t\t\t\t\t\t\t\t\t\t\t\t\t\t\t\t\t\t\t\t<a id=\"backforunical1810\" href=\"https:\/\/delicious.com\/save?v=5&noui&jump=close&url=http:\/\/ministerioaguadevida.net\/jovenes\/wp-json\/wp\/v2\/pages\/1810&title=DIOS VA CONMIGO\"  onclick=\"javascript:void window.open('https:\/\/delicious.com\/save?v=5&noui&jump=close&url=http:\/\/ministerioaguadevida.net\/jovenes\/wp-json\/wp\/v2\/pages\/1810&title=DIOS VA CONMIGO','1410949501326','width=700,height=500,toolbar=0,menubar=0,location=0,status=1,scrollbars=1,resizable=1,left=0,top=0');return false;\" style=\"background-position: -240px -80px \"><\/a>\n\t\t\t\t\t\t\t\t\t<\/li>\n\t\t\t\t\t\t\t\t\t\t\t\t\t\t\t\t\t<li class=\"none nobackground\" >\n\t\t\t\t\t\t\t\t\t\n\t\t\t\t\t\t\t\t\t\t\t\t\t\t\t\t\t\t\t\t\t<a id=\"backforunical1810\" href=\"http:\/\/www.odnoklassniki.ru\/dk?st.cmd=addShare&st.s=2&st.noresize=on&st._surl=http:\/\/ministerioaguadevida.net\/jovenes\/wp-json\/wp\/v2\/pages\/1810\"  onclick=\"javascript:void window.open('http:\/\/www.odnoklassniki.ru\/dk?st.cmd=addShare&st.s=2&st.noresize=on&st._surl=http:\/\/ministerioaguadevida.net\/jovenes\/wp-json\/wp\/v2\/pages\/1810','1410949501326','width=700,height=500,toolbar=0,menubar=0,location=0,status=1,scrollbars=1,resizable=1,left=0,top=0');return false;\" style=\"background-position: -260px -80px \"><\/a>\n\t\t\t\t\t\t\t\t\t<\/li>\n\t\t\t\t\t\t\t\t\t\t\t\t\t\t\t\t\t<li class=\"none nobackground\" >\n\t\t\t\t\t\t\t\t\t\n\t\t\t\t\t\t\t\t\t\t\t\t\t\t\t\t\t\t\t\t\t<a id=\"backforunical1810\" href=\"http:\/\/sns.qzone.qq.com\/cgi-bin\/qzshare\/cgi_qzshare_onekey?url=http:\/\/ministerioaguadevida.net\/jovenes\/wp-json\/wp\/v2\/pages\/1810&title=DIOS VA CONMIGO\"  onclick=\"javascript:void window.open('http:\/\/sns.qzone.qq.com\/cgi-bin\/qzshare\/cgi_qzshare_onekey?url=http:\/\/ministerioaguadevida.net\/jovenes\/wp-json\/wp\/v2\/pages\/1810&title=DIOS VA CONMIGO','1410949501326','width=700,height=500,toolbar=0,menubar=0,location=0,status=1,scrollbars=1,resizable=1,left=0,top=0');return false;\" style=\"background-position: -280px -80px \"><\/a>\n\t\t\t\t\t\t\t\t\t<\/li>\n\t\t\t\t\t\t\t\t\t\t\t\t\t\t\t\t\t<li class=\"none nobackground\" >\n\t\t\t\t\t\t\t\t\t\n\t\t\t\t\t\t\t\t\t\t\t\t\t\t\t\t\t\t\t\t\t<a id=\"backforunical1810\" href=\"http:\/\/service.weibo.com\/share\/share.php?url=http:\/\/ministerioaguadevida.net\/jovenes\/wp-json\/wp\/v2\/pages\/1810&appkey=&title=DIOS VA CONMIGO&pic=&ralateUid=&\"  onclick=\"javascript:void window.open('http:\/\/service.weibo.com\/share\/share.php?url=http:\/\/ministerioaguadevida.net\/jovenes\/wp-json\/wp\/v2\/pages\/1810&appkey=&title=DIOS VA CONMIGO&pic=&ralateUid=&','1410949501326','width=700,height=500,toolbar=0,menubar=0,location=0,status=1,scrollbars=1,resizable=1,left=0,top=0');return false;\" style=\"background-position: -300px -80px \"><\/a>\n\t\t\t\t\t\t\t\t\t<\/li>\n\t\t\t\t\t\t\t\t\t\t\t\t\t\t\t\t\t<li class=\"none nobackground\" >\n\t\t\t\t\t\t\t\t\t\n\t\t\t\t\t\t\t\t\t\t\t\t\t\t\t\t\t\t\t\t\t<a id=\"backforunical1810\" href=\"http:\/\/widget.renren.com\/dialog\/share?resourceUrl=http:\/\/ministerioaguadevida.net\/jovenes\/wp-json\/wp\/v2\/pages\/1810&srcUrl=http:\/\/ministerioaguadevida.net\/jovenes\/wp-json\/wp\/v2\/pages\/1810&title=DIOS VA CONMIGO\"  onclick=\"javascript:void window.open('http:\/\/widget.renren.com\/dialog\/share?resourceUrl=http:\/\/ministerioaguadevida.net\/jovenes\/wp-json\/wp\/v2\/pages\/1810&srcUrl=http:\/\/ministerioaguadevida.net\/jovenes\/wp-json\/wp\/v2\/pages\/1810&title=DIOS VA CONMIGO','1410949501326','width=700,height=500,toolbar=0,menubar=0,location=0,status=1,scrollbars=1,resizable=1,left=0,top=0');return false;\" style=\"background-position: -320px -80px \"><\/a>\n\t\t\t\t\t\t\t\t\t<\/li>\n\t\t\t\t\t\t\t\t\t\t\t\t\t\t\t\t\t<li class=\"none nobackground\" >\n\t\t\t\t\t\t\t\t\t\n\t\t\t\t\t\t\t\t\t\t\t\t\t\t\t\t\t\t\t\t\t<a id=\"backforunical1810\" href=\"http:\/\/n4g.com\/tips?url=http:\/\/ministerioaguadevida.net\/jovenes\/wp-json\/wp\/v2\/pages\/1810&title=DIOS VA CONMIGO\"  onclick=\"javascript:void window.open('http:\/\/n4g.com\/tips?url=http:\/\/ministerioaguadevida.net\/jovenes\/wp-json\/wp\/v2\/pages\/1810&title=DIOS VA CONMIGO','1410949501326','width=700,height=500,toolbar=0,menubar=0,location=0,status=1,scrollbars=1,resizable=1,left=0,top=0');return false;\" style=\"background-position: -340px -80px \"><\/a>\n\t\t\t\t\t\t\t\t\t<\/li>\n\t\t\t\t\t\t\t\t\t\t\t\t\t\t\t<\/ul>\n\t\t\t\t\t\t\n\t\t\t\t\t\t\t<div class=\"clear\"><\/div>\n\t\t\t\t\t\t<\/div>\n\n\t\n\t\n\n\t","protected":false},"excerpt":{"rendered":"<p>\u00abY \u00e9l dijo: Mi presencia ir\u00e0 contigo, y te dar\u00e9 descanso\u00bb \u00c9xodo 33:14 A lo largo de nuestra vida siempre [&hellip;]<\/p>\n","protected":false},"author":1,"featured_media":0,"parent":0,"menu_order":0,"comment_status":"closed","ping_status":"closed","template":"","meta":[],"_links":{"self":[{"href":"http:\/\/ministerioaguadevida.net\/jovenes\/wp-json\/wp\/v2\/pages\/1810"}],"collection":[{"href":"http:\/\/ministerioaguadevida.net\/jovenes\/wp-json\/wp\/v2\/pages"}],"about":[{"href":"http:\/\/ministerioaguadevida.net\/jovenes\/wp-json\/wp\/v2\/types\/page"}],"author":[{"embeddable":true,"href":"http:\/\/ministerioaguadevida.net\/jovenes\/wp-json\/wp\/v2\/users\/1"}],"replies":[{"embeddable":true,"href":"http:\/\/ministerioaguadevida.net\/jovenes\/wp-json\/wp\/v2\/comments?post=1810"}],"version-history":[{"count":1,"href":"http:\/\/ministerioaguadevida.net\/jovenes\/wp-json\/wp\/v2\/pages\/1810\/revisions"}],"predecessor-version":[{"id":1812,"href":"http:\/\/ministerioaguadevida.net\/jovenes\/wp-json\/wp\/v2\/pages\/1810\/revisions\/1812"}],"wp:attachment":[{"href":"http:\/\/ministerioaguadevida.net\/jovenes\/wp-json\/wp\/v2\/media?parent=1810"}],"curies":[{"name":"wp","href":"https:\/\/api.w.org\/{rel}","templated":true}]}}